{"id":839,"date":"2020-01-22T09:43:35","date_gmt":"2020-01-22T08:43:35","guid":{"rendered":"http:\/\/draude.de\/tischlerei\/?page_id=839"},"modified":"2020-10-02T11:23:40","modified_gmt":"2020-10-02T09:23:40","slug":"moebel-und-kuechenbau","status":"publish","type":"page","link":"https:\/\/draude.de\/tischlerei\/produkte\/moebel-und-kuechenbau\/","title":{"rendered":"M\u00f6bel- und K\u00fcchenbau"},"content":{"rendered":"<section class=\"kc-elm kc-css-196530 kc_row\"><div class=\"kc-row-container  kc-container\"><div class=\"kc-wrap-columns\"><div class=\"kc-elm kc-css-254766 kc_col-sm-12 kc_column kc_col-sm-12\"><div class=\"kc-col-container\"><div class=\"kc-elm kc-css-889001 kc_row kc_row_inner\"><div class=\"kc-elm kc-css-501978 kc_col-sm-8 kc_column_inner kc_col-sm-8\"><div class=\"kc_wrapper kc-col-inner-container\"><div class=\"kc-elm kc-css-91702\">\n\t<div class=\"kc-carousel_images kc-elm kc-css-91702\">\n\t\n\t\t<div class=\"kc-carousel-images owl-carousel-images kc-sync1  owl-nav-arrow\" data-owl-i-options='{\"items\":\"1\",\"tablet\":\"1\",\"mobile\":\"1\",\"speed\":\"500\",\"navigation\":\"yes\",\"pagination\":\"\",\"autoheight\":\"\",\"progressbar\":\"\",\"delay\":\"8\",\"autoplay\":\"yes\",\"showthumb\":\"\",\"num_thumb\":\"5\"}'>\n\t\n\t\t\t\t\t<div class=\"item\">\n\t\n\t\t\t\t\t\t\t<img decoding=\"async\" src=\"https:\/\/draude.de\/tischlerei\/wp-content\/uploads\/sites\/2\/2020\/02\/draude_moebel_und_kuechenbau7.jpg\"  alt=\"\"\/>\n\t\n\t\t\t\t\n\t\t\t<\/div>\n\t\n\t\t\t\t\t<div class=\"item\">\n\t\n\t\t\t\t\t\t\t<img decoding=\"async\" src=\"https:\/\/draude.de\/tischlerei\/wp-content\/uploads\/sites\/2\/2020\/02\/draude_moebel_und_kuechenbau5.jpg\"  alt=\"\"\/>\n\t\n\t\t\t\t\n\t\t\t<\/div>\n\t\n\t\t\t\t\t<div class=\"item\">\n\t\n\t\t\t\t\t\t\t<img decoding=\"async\" src=\"https:\/\/draude.de\/tischlerei\/wp-content\/uploads\/sites\/2\/2020\/02\/draude_moebel_und_kuechenbau4.jpg\"  alt=\"\"\/>\n\t\n\t\t\t\t\n\t\t\t<\/div>\n\t\n\t\t\t\t\t<div class=\"item\">\n\t\n\t\t\t\t\t\t\t<img decoding=\"async\" src=\"https:\/\/draude.de\/tischlerei\/wp-content\/uploads\/sites\/2\/2020\/02\/draude_moebel_und_kuechenbau2.jpg\"  alt=\"\"\/>\n\t\n\t\t\t\t\n\t\t\t<\/div>\n\t\n\t\t\t\n\t\t<\/div>\n\t\n\t\t\t<\/div>\n<\/div>\n<\/div><\/div><div class=\"kc-elm kc-css-107905 kc_col-sm-4 kc_column_inner kc_col-sm-4 produkte-liste\"><div class=\"kc_wrapper kc-col-inner-container\"><div class=\"kc-elm kc-css-450687 kc_text_block produkte-liste\"><\/p>\n<ul>\n<li><a href=\"#moebel\">M\u00f6bel<\/a><\/li>\n<li><a href=\"#kuechen\">Design- &amp; Wohnk\u00fcchen<\/a><\/li>\n<li><a href=\"#einbaugeraete\">Einbauger\u00e4te<\/a><\/li>\n<\/ul>\n<p>\n<\/div><\/div><\/div><\/div><div class=\"kc-elm kc-css-255875 kc_row kc_row_inner\"><div class=\"kc-elm kc-css-513361 kc_col-sm-12 kc_column_inner kc_col-sm-12\"><div class=\"kc_wrapper kc-col-inner-container\">\n<div class=\"kc-elm kc-css-364896 kc-title-wrap \">\n\n\t<h1 class=\"kc_title\">M\u00f6bel- und K\u00fcchenbau<\/h1>\n<\/div>\n<\/div><\/div><\/div><div class=\"kc-elm kc-css-792489 kc_row kc_row_inner\"><div class=\"kc-elm kc-css-991473 kc_col-sm-12 kc_column_inner kc_col-sm-12\"><div class=\"kc_wrapper kc-col-inner-container\"><div class=\"kc-elm kc-css-589482 kc_text_block\"><\/p>\n<p>F\u00fcr den ganz besonderen Geschmack. Individuell entworfene K\u00fcchen geh\u00f6ren zu unserem Fachgebiet. Vom Planungsbeginn an stimmen wir die neuen Lebensmittelpunkte perfekt auf Ihre Bed\u00fcrfnisse ab.<\/p>\n<p>Hochwertigkeit, Flexibilit\u00e4t, Individualit\u00e4t, Strapazierf\u00e4higkeit und Ergonomie sind \u00fcberzeugende Gr\u00fcnde, sich bewusst f\u00fcr unsere K\u00fcchengestaltung zu entscheiden.<\/p>\n<p>Ob klassischer Landhausstil oder moderne Kubus-Ansicht, intelligentes Schubladensystem oder ma\u00dfgenaue, ergonomische Integration von Elektroger\u00e4ten \u2013 &#8230; wir finden eine durchdachte und begeisternde L\u00f6sung f\u00fcr jeden Geschmack. Ihr Anspruch ist hoch? \u2026 unser auch. Wir beraten Sie gern.<\/p>\n<p>Kochen in Perfektion \u2013 \u2026 f\u00fcr eine gelungene Komposition auf h\u00f6chstem Niveau bieten wir Ihnen ein harmonisches Zusammenspiel von Technik, Material und Design der Firma Miele. In bew\u00e4hrter Qualit\u00e4t belegen Miele-Ger\u00e4te bei Verbraucherstudien und technischen Test stets beste Pl\u00e4tze und werden regelm\u00e4\u00dfig f\u00fcr Funktionsf\u00e4higkeit, Design und Gebrauchswerte ausgezeichnet \u2013 made in Germany.<\/p>\n<p>\n<\/div><\/div><\/div><\/div>\n<div class=\"kc-elm kc-css-552126 divider_line\">\n\t<div class=\"divider_inner divider_line1\">\n\t\t\t<\/div>\n<\/div>\n<div id=\"moebel\" class=\"kc-elm kc-css-364740 kc_row kc_row_inner\"><div class=\"kc-elm kc-css-728308 kc_col-sm-12 kc_column_inner kc_col-sm-12\"><div class=\"kc_wrapper kc-col-inner-container\">\n<div class=\"kc-elm kc-css-714032 kc-title-wrap \">\n\n\t<h2 class=\"kc_title\">M\u00f6bel<\/h2>\n<\/div>\n<div class=\"kc-elm kc-css-514015 kc_text_block\"><\/p>\n<p>Die M\u00f6bel, mit denen Sie sich t\u00e4glich umgeben, sind Ihre Visitenkarte.<\/p>\n<p>Unsere Inneneinrichtungen bewahren ihren Charakter, ihre Qualit\u00e4t und bieten Ihnen Freir\u00e4ume f\u00fcr individuelle Kreativit\u00e4t.<\/p>\n<p>Individualit\u00e4t braucht Raum \u2013 den wir gerne f\u00fcr Sie planen und gestalten werden. Jedes Designerst\u00fcck ist ein echtes Unikat und macht jeden Raum zu etwas ganz besonderem.<\/p>\n<p>\n<\/div><\/div><\/div><\/div>\n<div class=\"kc-elm kc-css-623336 divider_line\">\n\t<div class=\"divider_inner divider_line1\">\n\t\t\t<\/div>\n<\/div>\n<div id=\"kuechen\" class=\"kc-elm kc-css-570319 kc_row kc_row_inner\"><div class=\"kc-elm kc-css-183433 kc_col-sm-12 kc_column_inner kc_col-sm-12\"><div class=\"kc_wrapper kc-col-inner-container\">\n<div class=\"kc-elm kc-css-148238 kc-title-wrap \">\n\n\t<h2 class=\"kc_title\">K\u00fcchen<\/h2>\n<\/div>\n<div class=\"kc-elm kc-css-469992 kc_text_block\"><\/p>\n<p>Jede Generation hat ihre eigenen Wertvorstellungen.<\/p>\n<p>Es gibt aber auch Ausnahmen; das Bed\u00fcrfnis nach einem echten Zuhause.<\/p>\n<p>Aus diesem Grund wird Wohnen mit echten Werten immer \u00f6fter zur Familientradition.<\/p>\n<p>Hochwertigkeit, Flexibilit\u00e4t und Individualit\u00e4t sowie Strapazierf\u00e4higkeit und Ergonomie sind \u00fcberzeugende Gr\u00fcnde, sich bewusst f\u00fcr eine hochwertig verarbeitete K\u00fcche der Firma Draude zu entscheiden.<\/p>\n<p>Lassen Sie Qualit\u00e4t zum Ausdruck Ihres pers\u00f6nlichen Lebensstils werden und vermitteln Sie der n\u00e4chsten Generation das gute Gef\u00fchl zu Hause zu sein.<\/p>\n<p>\n<\/div><\/div><\/div><\/div>\n<div class=\"kc-elm kc-css-309433 divider_line\">\n\t<div class=\"divider_inner divider_line1\">\n\t\t\t<\/div>\n<\/div>\n<div id=\"einbaugeraete\" class=\"kc-elm kc-css-55588 kc_row kc_row_inner\"><div class=\"kc-elm kc-css-879828 kc_col-sm-12 kc_column_inner kc_col-sm-12\"><div class=\"kc_wrapper kc-col-inner-container\">\n<div class=\"kc-elm kc-css-583086 kc-title-wrap \">\n\n\t<h2 class=\"kc_title\">Einbauger\u00e4te<\/h2>\n<\/div>\n<div class=\"kc-elm kc-css-954137 kc_text_block\"><\/p>\n<p>Qualit\u00e4t, Funktion und Design in Perfektion.<br \/>\nBew\u00e4hrte Miele Qualit\u00e4t &#8211; ein harmonisches Zusammenspiel von Technik, Material und Design &#8211; sind Garant f\u00fcr Kochen in Perfektion. F\u00fcr eine absolut gelungene Komposition auf h\u00f6chstem Niveau!<\/p>\n<p>Miele Ger\u00e4te belegen bei Verbraucherstudien und technischen Test stets beste Pl\u00e4tze. Dabei werden Miele Ger\u00e4te regelm\u00e4\u00dfig f\u00fcr Funktionsf\u00e4higkeit, Design und Gebrauchswerte ausgezeichnet.<\/p>\n<p>\n<\/div><\/div><\/div><\/div><\/div><\/div><\/div><\/div><\/section>\n","protected":false},"excerpt":{"rendered":"","protected":false},"author":1,"featured_media":0,"parent":783,"menu_order":10,"comment_status":"closed","ping_status":"closed","template":"","meta":{"footnotes":""},"_links":{"self":[{"href":"https:\/\/draude.de\/tischlerei\/wp-json\/wp\/v2\/pages\/839"}],"collection":[{"href":"https:\/\/draude.de\/tischlerei\/wp-json\/wp\/v2\/pages"}],"about":[{"href":"https:\/\/draude.de\/tischlerei\/wp-json\/wp\/v2\/types\/page"}],"author":[{"embeddable":true,"href":"https:\/\/draude.de\/tischlerei\/wp-json\/wp\/v2\/users\/1"}],"replies":[{"embeddable":true,"href":"https:\/\/draude.de\/tischlerei\/wp-json\/wp\/v2\/comments?post=839"}],"version-history":[{"count":5,"href":"https:\/\/draude.de\/tischlerei\/wp-json\/wp\/v2\/pages\/839\/revisions"}],"predecessor-version":[{"id":1620,"href":"https:\/\/draude.de\/tischlerei\/wp-json\/wp\/v2\/pages\/839\/revisions\/1620"}],"up":[{"embeddable":true,"href":"https:\/\/draude.de\/tischlerei\/wp-json\/wp\/v2\/pages\/783"}],"wp:attachment":[{"href":"https:\/\/draude.de\/tischlerei\/wp-json\/wp\/v2\/media?parent=839"}],"curies":[{"name":"wp","href":"https:\/\/api.w.org\/{rel}","templated":true}]}}

Möbel- und Küchenbau

<section class="kc-elm kc-css-196530 kc_row"><div class="kc-row-container  kc-container"><div class="kc-wrap-columns"><div class="kc-elm kc-css-254766 kc_col-sm-12 kc_column kc_col-sm-12"><div class="kc-col-container"><div class="kc-elm kc-css-889001 kc_row kc_row_inner"><div class="kc-elm kc-css-501978 kc_col-sm-8 kc_column_inner kc_col-sm-8"><div class="kc_wrapper kc-col-inner-container"><div class="kc-elm kc-css-91702">
	<div class="kc-carousel_images kc-elm kc-css-91702">
	
		<div class="kc-carousel-images owl-carousel-images kc-sync1  owl-nav-arrow" data-owl-i-options='{"items":"1","tablet":"1","mobile":"1","speed":"500","navigation":"yes","pagination":"","autoheight":"","progressbar":"","delay":"8","autoplay":"yes","showthumb":"","num_thumb":"5"}'>
	
					<div class="item">
	
							<img decoding="async" src="https://draude.de/tischlerei/wp-content/uploads/sites/2/2020/02/draude_moebel_und_kuechenbau7.jpg"  alt=""/>
	
				
			</div>
	
					<div class="item">
	
							<img decoding="async" src="https://draude.de/tischlerei/wp-content/uploads/sites/2/2020/02/draude_moebel_und_kuechenbau5.jpg"  alt=""/>
	
				
			</div>
	
					<div class="item">
	
							<img decoding="async" src="https://draude.de/tischlerei/wp-content/uploads/sites/2/2020/02/draude_moebel_und_kuechenbau4.jpg"  alt=""/>
	
				
			</div>
	
					<div class="item">
	
							<img decoding="async" src="https://draude.de/tischlerei/wp-content/uploads/sites/2/2020/02/draude_moebel_und_kuechenbau2.jpg"  alt=""/>
	
				
			</div>
	
			
		</div>
	
			</div>
</div>
</div></div><div class="kc-elm kc-css-107905 kc_col-sm-4 kc_column_inner kc_col-sm-4 produkte-liste"><div class="kc_wrapper kc-col-inner-container"><div class="kc-elm kc-css-450687 kc_text_block produkte-liste"></p>
<ul>
<li><a href="#moebel">Möbel</a></li>
<li><a href="#kuechen">Design- &amp; Wohnküchen</a></li>
<li><a href="#einbaugeraete">Einbaugeräte</a></li>
</ul>
<p>
</div></div></div></div><div class="kc-elm kc-css-255875 kc_row kc_row_inner"><div class="kc-elm kc-css-513361 kc_col-sm-12 kc_column_inner kc_col-sm-12"><div class="kc_wrapper kc-col-inner-container">
<div class="kc-elm kc-css-364896 kc-title-wrap ">

	<h1 class="kc_title">Möbel- und Küchenbau</h1>
</div>
</div></div></div><div class="kc-elm kc-css-792489 kc_row kc_row_inner"><div class="kc-elm kc-css-991473 kc_col-sm-12 kc_column_inner kc_col-sm-12"><div class="kc_wrapper kc-col-inner-container"><div class="kc-elm kc-css-589482 kc_text_block"></p>
<p>Für den ganz besonderen Geschmack. Individuell entworfene Küchen gehören zu unserem Fachgebiet. Vom Planungsbeginn an stimmen wir die neuen Lebensmittelpunkte perfekt auf Ihre Bedürfnisse ab.</p>
<p>Hochwertigkeit, Flexibilität, Individualität, Strapazierfähigkeit und Ergonomie sind überzeugende Gründe, sich bewusst für unsere Küchengestaltung zu entscheiden.</p>
<p>Ob klassischer Landhausstil oder moderne Kubus-Ansicht, intelligentes Schubladensystem oder maßgenaue, ergonomische Integration von Elektrogeräten – &#8230; wir finden eine durchdachte und begeisternde Lösung für jeden Geschmack. Ihr Anspruch ist hoch? … unser auch. Wir beraten Sie gern.</p>
<p>Kochen in Perfektion – … für eine gelungene Komposition auf höchstem Niveau bieten wir Ihnen ein harmonisches Zusammenspiel von Technik, Material und Design der Firma Miele. In bewährter Qualität belegen Miele-Geräte bei Verbraucherstudien und technischen Test stets beste Plätze und werden regelmäßig für Funktionsfähigkeit, Design und Gebrauchswerte ausgezeichnet – made in Germany.</p>
<p>
</div></div></div></div>
<div class="kc-elm kc-css-552126 divider_line">
	<div class="divider_inner divider_line1">
			</div>
</div>
<div id="moebel" class="kc-elm kc-css-364740 kc_row kc_row_inner"><div class="kc-elm kc-css-728308 kc_col-sm-12 kc_column_inner kc_col-sm-12"><div class="kc_wrapper kc-col-inner-container">
<div class="kc-elm kc-css-714032 kc-title-wrap ">

	<h2 class="kc_title">Möbel</h2>
</div>
<div class="kc-elm kc-css-514015 kc_text_block"></p>
<p>Die Möbel, mit denen Sie sich täglich umgeben, sind Ihre Visitenkarte.</p>
<p>Unsere Inneneinrichtungen bewahren ihren Charakter, ihre Qualität und bieten Ihnen Freiräume für individuelle Kreativität.</p>
<p>Individualität braucht Raum – den wir gerne für Sie planen und gestalten werden. Jedes Designerstück ist ein echtes Unikat und macht jeden Raum zu etwas ganz besonderem.</p>
<p>
</div></div></div></div>
<div class="kc-elm kc-css-623336 divider_line">
	<div class="divider_inner divider_line1">
			</div>
</div>
<div id="kuechen" class="kc-elm kc-css-570319 kc_row kc_row_inner"><div class="kc-elm kc-css-183433 kc_col-sm-12 kc_column_inner kc_col-sm-12"><div class="kc_wrapper kc-col-inner-container">
<div class="kc-elm kc-css-148238 kc-title-wrap ">

	<h2 class="kc_title">Küchen</h2>
</div>
<div class="kc-elm kc-css-469992 kc_text_block"></p>
<p>Jede Generation hat ihre eigenen Wertvorstellungen.</p>
<p>Es gibt aber auch Ausnahmen; das Bedürfnis nach einem echten Zuhause.</p>
<p>Aus diesem Grund wird Wohnen mit echten Werten immer öfter zur Familientradition.</p>
<p>Hochwertigkeit, Flexibilität und Individualität sowie Strapazierfähigkeit und Ergonomie sind überzeugende Gründe, sich bewusst für eine hochwertig verarbeitete Küche der Firma Draude zu entscheiden.</p>
<p>Lassen Sie Qualität zum Ausdruck Ihres persönlichen Lebensstils werden und vermitteln Sie der nächsten Generation das gute Gefühl zu Hause zu sein.</p>
<p>
</div></div></div></div>
<div class="kc-elm kc-css-309433 divider_line">
	<div class="divider_inner divider_line1">
			</div>
</div>
<div id="einbaugeraete" class="kc-elm kc-css-55588 kc_row kc_row_inner"><div class="kc-elm kc-css-879828 kc_col-sm-12 kc_column_inner kc_col-sm-12"><div class="kc_wrapper kc-col-inner-container">
<div class="kc-elm kc-css-583086 kc-title-wrap ">

	<h2 class="kc_title">Einbaugeräte</h2>
</div>
<div class="kc-elm kc-css-954137 kc_text_block"></p>
<p>Qualität, Funktion und Design in Perfektion.<br />
Bewährte Miele Qualität &#8211; ein harmonisches Zusammenspiel von Technik, Material und Design &#8211; sind Garant für Kochen in Perfektion. Für eine absolut gelungene Komposition auf höchstem Niveau!</p>
<p>Miele Geräte belegen bei Verbraucherstudien und technischen Test stets beste Plätze. Dabei werden Miele Geräte regelmäßig für Funktionsfähigkeit, Design und Gebrauchswerte ausgezeichnet.</p>
<p>
</div></div></div></div></div></div></div></div></section>
